ermine t(z).
-1
Let r(p) = -2*p + 1 - 4*p**2 - 375*p**3 - 2*p + 374*p**3. Give r(-3).
4
Suppose 3*h = -5*r + 22, -4*h + 4 = -2*h - 2*r. Let y(a) = -a**3 + 5*a**2 - 4*a + 3. Let f be y(h). Let v(p) = p**3 - 2*p**2 - 3. Calculate v(f).
6
Suppose m + 4*m + 30 = 0. Let g(i) = -2*i - 7. Determine g(m).
5
Let j(t) = -3*t**2 + 5*t - 1. Let x(o) = -7*o**2 + 11*o - 2. Let y(w) = 9*j(w) - 4*x(w). Suppose 13 + 8 = 3*u. Let s = 5 - u. Give y(s).
1
Let q = 13 - 11. Let v(i) be the third derivative of 1/120*i**6 + 1/6*i**4 + 0 + 0*i + 2*i**q + 1/15*i**5 + 2/3*i**3. Give v(-3).
1
Let z(q) be the first derivative of q**4/4 - 8*q**3/3 + 3*q**2 + 7*q + 4. What is z(7)?
0
Let c(w) = -w**2 - 7*w - 5. Let z(i) = 5*i. Suppose 5*j + 7*v + 4 = 4*v, -5*j = v - 2. Suppose -2*r = j + 1. Let x be z(r). What is c(x)?
5
Let m(i) = i**2 - i + 9. Suppose h = -2, -4 = j + h + 2*h. Suppose 2*v + j*v = 0. What is m(v)?
9
Let v(f) = -f + 2. Let c be 5/20 + (-46)/(-8). What is v(c)?
-4
Let o(a) be the third derivative of -a**6/120 + a**5/12 + a**4/4 + a**3 - 9*a**2. Give o(6).
6
Let j = -3 + 2. Let w be (-3)/(-3*j/(-2)). Let u(t) = -2*t + 3. Give u(w).
-1
Suppose -j - 11 = 2*j + 5*i, -2*j + 4*i + 22 = 0. Let t(m) = -1 - 6*m - 2 + 7*m. Give t(j).
0
Suppose -7 = 2*q - 3*l, 5*l = 2*q + 15 + 2. Let u(i) = -i**2 + 4*i + 3. Determine u(q).
3
Let y(c) be the first derivative of -c**3/3 + 3*c**2 - 5*c - 6. Let z = 0 + -1. Let g = z - -6. Determine y(g).
0
Let u(b) = -b**2 + 6*b - 5. Let s(f) be the third derivative of -f**5/60 - 3*f**4/8 + 2*f**3/3 - f**2. Let r be s(-9). Calculate u(r).
3
Let l(a) = a**2 - 4*a + 2. Let k be (-186)/(-31) - (2 + 1 + -1). What is l(k)?
2
Let a(o) = -o**2 - 9*o + 6. Let i(v) = v**2 + 11*v + 9. Let s be i(-9). Calculate a(s).
6
Let s(l) be the second derivative of -l**2 + 0 - 1/6*l**3 - 2*l. Give s(-4).
2
Let v(x) = x**3 - 5*x**2 - 4*x - 7. Suppose 0 = -4*f - 2*w + 50, 2*f + 2*f - 5*w = 15. Suppose f*c - 13*c + 18 = 0. Calculate v(c).
5
Let x(y) = 5*y**2 - 7*y + 31. Let s(f) = -2*f**2 + 3*f - 15. Let z(b) = -7*s(b) - 3*x(b). Calculate z(0).
12
Let o(g) = -g - 1. Let y(r) = r**3 - 16*r**2 + 15*r - 1. Let i be y(15). Calculate o(i).
0
Let c(l) = -6*l**3 - 6*l**2 + 6*l + 7. Let s(b) = -5*b**3 - 5*b**2 + 5*b + 8. Let n(w) = -4*c(w) + 5*s(w). Give n(0).
12
Let x(g) = 4*g**2 - 3*g - 5. Let h(a) = -5*a**2 + 4*a + 5. Let k(s) = 3*h(s) + 4*x(s). Suppose 0 = d - 5*d. Calculate k(d).
-5
Let c(t) = 5*t**3 - 6*t**2 + 3. Let b(d) = 11*d**3 - 12*d**2 + 7. Let s(v) = -6*b(v) + 13*c(v). What is s(-6)?
-3
Let j(m) = 2*m**2 - 3*m + 2. Let d = 7 - 2. Suppose -d*r + 9*o - 4*o = 0, 2*r - 12 = -2*o. Suppose -5*p = -r*p - 4. What is j(p)?
4
Let p(q) = 13*q - 8*q - q**2 + 4 + 2 - 8*q. Determine p(-5).
-4
Let s(i) be the second derivative of i**3/3 - i**2/2 - 4*i. Let n(o) be the first derivative of o**3/3 - 3*o**2 - 8*o + 3. Let p be n(7). Calculate s(p).
-3
Let i be (-6)/(-8) + -1 - 19/4. Let y(m) = -m. Let p(j) = -j**3 - 5*j**2 - 2*j + 2. Let g(f) = -p(f) + 3*y(f). Determine g(i).
3
Let j(r) = r**2 - 4*r - 22. Let o be j(7). Let u(y) = 19*y**2 - 1. What is u(o)?
18
Let p(v) = -v**3 + 44 - 78 + 7*v**2 + 40. What is p(7)?
6
Let g(n) = 5*n + 3. Let x(q) = 3*q + 2. Let z(d) = 4*g(d) - 7*x(d). Determine z(-3).
1
Let n(h) = -163*h - 4 + 164*h + 9. What is n(-4)?
1
Let j(x) be the third derivative of x**6/120 + 7*x**5/60 + 5*x**4/24 - x**3/2 + 20*x**2. What is j(-6)?
3
Let g(b) = 2*b**2 + 5*b - 3. Let i(u) = -u**2 - 5*u + 3. Let s be -1 + (4 - 0/3). Let m(z) = s*i(z) + 2*g(z). Determine m(4).
-1
Let q(y) = 1 + y - 3*y + 0*y. Let b(z) = -z**2 + 2*z + 3. Let d(j) = 3*j**2 - 6*j - 9. Let a(v) = 17*b(v) + 6*d(v). Let m be a(4). Give q(m).
-9
Suppose 3*i + 3 + 3 = 0. Let z = i - 1. Let s(d) = d**2 + 5*d + 4. Determine s(z).
-2
Let l(o) be the second derivative of -o**5/20 - o**4/3 - 5*o**3/6 + o**2 - 19*o. Determine l(-4).
22
Suppose 2*p + 4*f - 8*f = 18, -4*p = -4*f - 24. Let u(y) = 0*y**3 - 2*y**p + y**3 - 1 - 4 + 6*y**2. Suppose -2*i + 2 = l, 3*l = -5*i + 1 + 7. Determine u(l).
-5
Let v(b) = -6*b + 40. Let o(q) = q - 8. Let t(i) = -11*o(i) - 2*v(i). Let x(z) = z + 7. Let a(d) = -4*t(d) + 5*x(d). Calculate a(-3).
0
Let a(q) = -3*q**3 + q**2 + 6 + 0*q**2 + 2*q**3. Suppose 6*u - 3*u = -2*r - 6, 0 = 4*r + u + 2. Determine a(r).
6
Let b(c) = c**2 - 2. Let u = -32 - -32. What is b(u)?
-2
Let q = -9 + 9. Suppose q = 2*u - 1 - 9. Let f(z) = -z - 1. Give f(u).
-6
Let v(d) = -d**3 - 3*d**2 - 2*d - 2. Suppose 4*y + 3 + 5 = 0. What is v(y)?
-2
Suppose -3 - 6 = -3*a. Let g(s) = a + 0*s - 6*s + 0 + 2*s. Suppose h - c + 0*c = 6, 2*h - 3*c - 15 = 0. What is g(h)?
-9
Let r(c) = c + 5. Suppose s + x = -14, -s = 3*s + 2*x + 60. Let j = -22 - s. Give r(j).
-1
Suppose 5*i = 45 - 15. Let y(a) = -3*a**2 + 5*a + 8. Let t(s) = 2*s**2 - 3*s - 5. Let v(x) = 7*t(x) + 5*y(x). What is v(i)?
-7
Let o = -3 - -8. Let w(f) = f - 3 - o + 1. Give w(0).
-7
Let x(p) be the third derivative of -p**6/120 - p**5/10 - 7*p**4/24 - p**3/6 - 15*p**2. Calculate x(-5).
9
Let w(m) = 2*m**3 + 21. Let h(r) = -3*r**3 - 31. Let x(i) = 5*h(i) + 7*w(i). Let t(c) = -c**2 - 7*c - 6. Let j be t(-6). Give x(j).
-8
Suppose -o + 2*o - 8 = 0. Let p = -2 + o. Let w = p - 4. Let l(x) = -2*x**3 + 3*x**2 - x - 2. What is l(w)?
-8
Suppose 3*g - 37 = 5*u, 5*g + 0*g - u = 25. Let z(s) = -s**3 + 7*s**2 - 5*s + 1. Calculate z(g).
29
Let i = 116 + -115. Let h(j) = 7*j**3 + j. Calculate h(i).
8
Let u(s) = -3*s + 5. Let p(o) = 16*o - 24. Let g(j) = -2*p(j) - 11*u(j). Let x(d) = d**3 - 4*d**2 + d + 1. Let m be x(4). Calculate g(m).
-2
Let b be 2*(-1)/((-2)/(-2)). Let l be (b + 0 - -7)*1. Let s(y) = 3*y - y**3 - 3*y - 5 + 5*y**2 + 0*y. Determine s(l).
-5
Let l(v) = v**3 - 4*v**2 + 5*v - 5. Let x be l(2). Let r(p) = -2*p**2 + 2*p + 4. What is r(x)?
-20
Let g(l) = 4*l**2. Let n be (-2)/3 + 1/(-3). What is g(n)?
4
Suppose -2*a - 3*m - 12 = 3*a, -3*a - 8 = 2*m. Let d(h) = h**2 + 2. Determine d(a).
2
Let x(z) = 4*z**2 - 2*z + z - 3*z + 5*z. Determine x(-1).
3
Let u(v) be the third derivative of v**6/120 + v**5/12 + v**3/3 - 9*v**2. Determine u(-5).
2
Let i be 2*(21/(-6) - -2). Let n(f) = f + 4. Let q be n(i). Let u(j) = j - 3*j - q + 0*j + 4*j**3. What is u(-1)?
-3
Let i(w) = 7*w - 9. Let j(b) = 4*b - 5. Let s(t) = 6*i(t) - 11*j(t). Let f(m) = -6*m. Let a be f(1). Calculate s(a).
13
Let n(b) = 2*b + 10. Let g(s) = -s - 5. Let f(d) = -7*g(d) - 3*n(d). What is f(9)?
14
Suppose 2*k - 3*f = -f + 10, 3*k + 3*f = 3. Let h(a) = 3*a**2 + 2*a + 3. Let i(b) = -8*b**2 - 5*b - 6. Let r(c) = 5*h(c) + 2*i(c). What is r(k)?
-6
Let j(s) = -3*s + 7. Let g(m) = 3*m - 6. Let z(k) = -2*g(k) - 3*j(k). Suppose 10 = n - 4*r, 4*r = -5*n + 2*r + 28. Determine z(n).
9
Let o(k) = k**3 - 5*k**2 + 2*k + 3. Suppose -f + 24 = 3*f + 4*c, -4*f + 18 = 2*c. What is o(f)?
-9
Let j(h) = h**3 - 5*h + 8*h**2 + 5 - 8*h**2 - h**2 + 6*h**2. Calculate j(-6).
-1
Let w(g) = g**3 + 3*g**2 - g. Let y(o) = -o**3 - 13*o**2 - 12*o - 3. Suppose -6 = -r - 0*r. Let u = r + -18. Let f be y(u). What is w(f)?
3
Suppose 4*j - 25 = -j. Let l(x) = 8 - x - 11 + j. What is l(7)?
-5
Suppose 2*m - 2 - 2 = 0. Let z(c) be the second derivative of 1/6*c**3 + 3/2*c**m + 0 + 3*c. Give z(3).
6
Let o = 12 - 4. Let j = 8 + -5. Let z be ((-2)/j)/(o/12). Let v(a) = -6*a**2 + a. Determine v(z).
-7
Suppose 4*t = -0*t. Let c(v) = v + 1. Let u(l) = -4*l - 7. Let p = 4 - 3. Let q(b) = p*u(b) + 3*c(b). What is q(t)?
-4
Let l(r) = 1 + 1 + 73*r**3 + 4*r**2 - 5 - 72*r**3. Let g = 3 - -6. Suppose -2*m = -4*b - 7*m - 12, 3*b + 3*m + g = 0. Calculate l(b).
6
Suppose y + 0*l - 10 = -4*l, 0 = 2*y - 4*l - 8. Suppose 4*s = y*s - 6. Let b(i) be the first derivative of 3*i**2/2 - 2*i - 1. Give b(s).
7
Let p be 2/(-16) - 490/(-80). Let s(d) = d**3 - 5*d**2 - 7*d + 2. What is s(p)?
-4
Let x(h) = 2*h + 5. Let d(i) be the third derivative of -i**4/24 - 2*i**3/3 - i**2. Let t = 0 - 2. Let g(w) = t*x(w) - 3*d(w). Give g(-4).
6
Let h(x) = -x**2 + 7*x - 4. Let a(i) = -2*i - 4. Suppose -2*p - 15 = 3*p. Let b be a(p). Let j be 6 + -2*b/4. Give h(j).
6
Let h(x) = -12*x - 5. Let a be h(-1). Let c(z) = z**3 - 8*z**2 + 9*z - 6. Give c(a).
8
Suppose 3*y - 6 = -3*d, 26 = 7*y - 2*y - 3*d. Let v(q) = -7*q + 1. Let x(n) = n + 1. Let p(r) = -v(r) - 4*x(r). What is p(y)?
7